lse
Is 2331253 prime?
True
Is 111533551 composite?
True
Is 462081 prime?
False
Is 171439343 composite?
True
Is 150517009 composite?
False
Is 20418311 prime?
True
Is 6264809 a prime number?
False
Is 14585309 prime?
False
Is 7204759 composite?
False
Is 16787 prime?
True
Is 49631411 a prime number?
True
Is 82441871 a prime number?
False
Is 201742691 a prime number?
False
Is 223903 composite?
False
Is 67892467 a composite number?
False
Is 596215 composite?
True
Is 5180881 composite?
True
Is 34003271 prime?
True
Is 868313 a composite number?
False
Is 8188899 a composite number?
True
Is 261511919 composite?
False
Is 213287379 a composite number?
True
Is 50291053 composite?
True
Is 3951967 composite?
False
Is 3089941 composite?
False
Is 1313329 a composite number?
False
Is 66019087 composite?
False
Is 102703054 a composite number?
True
Is 460891 a composite number?
False
Is 4994117 a composite number?
False
Is 510522137 a composite number?
False
Is 21249653 a composite number?
True
Is 58781957 a prime number?
False
Is 14949721 a prime number?
True
Is 619402919 prime?
True
Is 28078023 a prime number?
False
Is 55967 prime?
True
Is 2849801 composite?
True
Is 50819491 prime?
True
Is 7209217 prime?
False
Is 419219 a composite number?
True
Is 227970931 composite?
True
Is 40133843 prime?
False
Is 264626647 prime?
True
Is 393580049 a prime number?
True
Is 29787103 composite?
True
Is 2709167 prime?
True
Is 4596863 composite?
True
Is 1238123 a composite number?
True
Is 5418617 a prime number?
True
Is 1646693 a composite number?
True
Is 71491321 a prime number?
False
Is 6341087 a prime number?
True
Is 6390967 a prime number?
False
Is 108676571 prime?
True
Is 9554863 a composite number?
True
Is 474899 prime?
True
Is 470579 a composite number?
False
Is 184346411 prime?
True
Is 1363871 a prime number?
False
Is 38082067 prime?
True
Is 2505773 a composite number?
False
Is 62380049 a composite number?
True
Is 501239083 a composite number?
False
Is 6881213 a composite number?
True
Is 2853539 composite?
True
Is 945289 composite?
False
Is 87972233 a prime number?
True
Is 3374759 a composite number?
True
Is 777209 a prime number?
True
Is 126212507 prime?
False
Is 2812307 composite?
False
Is 1848521 a composite number?
True
Is 1505657 a composite number?
False
Is 7296293 a composite number?
False
Is 304326157 a prime number?
True
Is 288479663 prime?
True
Is 1080781 prime?
False
Is 2080457 composite?
True
Is 1705033 prime?
False
Is 24637003 a prime number?
True
Is 540203 composite?
False
Is 1495219 a composite number?
True
Is 21781157 composite?
False
Is 121661401 a prime number?
False
Is 966835 prime?
False
Is 23724229 a prime number?
True
Is 10183499 prime?
False
Is 12779317 composite?
True
Is 24062601 a composite number?
True
Is 351377069 a composite number?
True
Is 493793189 a composite number?
True
Is 7246819 a prime number?
True
Is 585493207 prime?
False
Is 78051877 a composite number?
False
Is 3125429 a composite number?
True
Is 10841561 a composite number?
True
Is 1463213 a composite number?
True
Is 113465111 prime?
True
Is 17274713 a composite number?
False
Is 4562519 prime?
False
Is 8484661 a composite number?
False
Is 483367 composite?
False
Is 32134535 prime?
False
Is 985969 composite?
False
Is 11351 a composite number?
False
Is 1669873 composite?
False
Is 18593 prime?
True
Is 98195017 a prime number?
True
Is 209662671 a prime number?
False
Is 122721149 composite?
False
Is 11979287 a composite number?
False
Is 38552119 a prime number?
True
Is 481267 a composite number?
True
Is 8323211 a prime number?
False
Is 108938311 a composite number?
False
Is 4031141 composite?
True
Is 199312559 a prime number?
False
Is 1492949 a prime number?
False
Is 31895569 a prime number?
True
Is 580157 a composite number?
True
Is 652943 a composite number?
False
Is 130069987 a prime number?
False
Is 535153901 a composite number?
True
Is 1884811 prime?
False
Is 128549 composite?
False
Is 4841279 a composite number?
False
Is 19224727 a composite number?
False
Is 226340537 prime?
True
Is 75436211 composite?
False
Is 2252983 a composite number?
False
Is 154459811 composite?
True
Is 22470821 a composite number?
True
Is 2178211 prime?
False
Is 89154701 composite?
False
Is 128992543 prime?
False
Is 8446687 composite?
True
Is 4429883 a prime number?
True
Is 404683 a prime number?
False
Is 4812979 prime?
False
Is 64321561 prime?
False
Is 2877481 composite?
True
Is 14841131 a prime number?
True
Is 1319803 prime?
True
Is 4813457 composite?
True
Is 125919719 a prime number?
True
Is 17351673 composite?
True
Is 545189 a composite number?
False
Is 54316469 a prime number?
False
Is 1042481 composite?
True
Is 2377079 a composite number?
False
Is 28206863 composite?
True
Is 12347311 prime?
True
Is 5393693 a prime number?
True
Is 3450803 a prime number?
False
Is 3393883 a prime number?
True
Is 14525353 a composite number?
False
Is 7347827 a prime number?
True
Is 13498487 prime?
False
Is 90089691 a composite number?
True
Is 3748207 a composite number?
False
Is 148746205 prime?
False
Is 3410909 a prime number?
True
Is 3342187 composite?
True
Is 35936399 a prime number?
True
Is 135404897 a prime number?
True
Is 875743657 a composite number?
False
Is 4792163 composite?
True
Is 42182395 prime?
False
Is 36436145 composite?
True
Is 22730663 composite?
False
Is 589971 a prime number?
False
Is 37480301 prime?
True
Is 2814899 a prime number?
True
Is 82745723 a prime number?
True
Is 70182013 a composite number?
True
Is 43241603 a composite number?
True
Is 1057361 a composite number?
False
Is 97520617 a composite number?
False
Is 39281761 a prime number?
True
Is 3985673 a composite number?
True
Is 6143659 prime?
False
Is 51045017 prime?
False
Is 21330149 prime?
True
Is 727071 composite?
True
Is 10509271 a prime number?
False
Is 4061137 prime?
True
Is 9616763 composite?
True
Is 98019439 a composite number?
True
Is 36459041 prime?
True
Is 24608215 prime?
False
Is 2095927 composite?
False
Is 209211 composite?
True
Is 16530883 a composite number?
True
Is 69326471 a composite number?
False
Is 4813895 a prime number?
False
Is 4564073 a composite number?
False
Is 4614553 prime?
True
Is 1897787 prime?
True
Is 87915263 a prime number?
False
Is 2927651 a composite number?
False
Is 303113 a composite number?
True
Is 79887943 prime?
True
Is 10817833 composite?
True
Is 1855943 a prime number?
False
Is 31606021 a prime number?
False
Is 190121 prime?
True
Is 4743671 composite?
False
Is 1486772185 a prime number?
False
Is 7736849 a prime number?
False
Is 51426359 a composite number?
False
Is 44163817 prime?
False
Is 18661371 composite?
True
Is 6890721 prime?
False
Is 303329657 prime?
False
Is 41829521 prime?
True
Is 72433951 composite?
True
Is 8653 composite?
True
Is 184718377 prime?
True
Is 42075151 composite?
False
Is 19357867 a composite number?
True
Is 161255797 a prime number?
True
Is 326413099 a composite number?
True
Is 11726689 a composite number?
True
Is 186945763 prime?
False
Is 78594709 composite?
True
Is 32481191 prime?
False
Is 34147037 prime?
True
Is 8059353 a prime number?
False
Is 4344766 prime?
False
Is 13045139 prime?
True
Is 206540489 composite?
True
Is 2998157 a composite number?
True
Is 120126157 a prime number?
True
Is 63393445 composite?
True
Is 141250623 a prime number?
False
Is 681202 a prime number?
False
Is 52675421 composite?
False
Is 39462931 a prime number?
False
Is 25206787 prime?
False
Is 2302441 composite?
False
Is 4457755 a prime number?
False
Is 6114074 composite?
True
Is 114977237 prime?
True
Is 12188749 a prime number?
True
Is 22899901 composite?
True
Is 4592381 a composite number?
True
Is 20201977 composite?
True
Is 29711551 composite?
False
Is 295971919 a prime number?
True
Is 304584439 prime?
True
Is 2109449 a composite number?
False
Is 38155979 a composite number?
False
Is 22234909 a prime number?
False
Is 22913131 prime?
True
Is 817096453 a prime number?
True
Is 520127 prime?
False
Is 26622529 a composite number?
False
Is 6446841 a composite number?
True
Is 573569 a composite number?
False
Is 28640917 prime?
True
Is 16847555 composite?
True
Is 3008407 a prime number?
False
Is 4681331 composite?
True
Is 426805 a prime number?
False
Is 656782429 a prime number?
False
Is 43191381 a prim